e 2*c = -4*j - 4 - i, -j - 11 = -3*c. Suppose c*w = 23 - 1. What is the units digit of w?
1
Let h = 0 - -6. Let d = h - -2. Suppose 2*p + d = 38. What is the tens digit of p?
1
Suppose -b + 6*b - 180 = 0. What is the units digit of b?
6
Let d = 16 - 12. What is the units digit of d?
4
Suppose -v + 5*d = -15, 4*v - 2*d + 6*d = 12. Suppose v = 3*t - 25. What is the tens digit of t?
1
Suppose 4*b = -3*x + 24 + 19, -5*b - x + 62 = 0. Let y = -9 + b. What is the units digit of y?
4
Let i(y) = -2*y**3 - 4*y**2 - y. What is the units digit of i(-3)?
1
Let h(u) = -u**3 + u**2 + 4*u + 1. Suppose -y + 4*t - 13 = -2*y, 5*y - t = -19. What is the units digit of h(y)?
5
Let s(b) = -b - 4. Let x be s(-7). What is the units digit of (-11)/(-2)*(x + -1)?
1
Suppose 3*y - 14 = 1. Let w be y + (3 - 1) + 0. Suppose 0 = 3*u - 5 - w. What is the units digit of u?
4
Let r(p) = -20*p - 4. Let n be r(-4). Let w = -51 + n. What is the tens digit of w?
2
Let o(t) = -t**2 - t + 1. Let j(l) = -2*l**2 - 14*l + 17. Let q(a) = j(a) - 3*o(a). Let c = -17 + 28. What is the units digit of q(c)?
4
Let s = -2 + 1. Let i = 4 - s. What is the units digit of i?
5
Let q = -7 - -9. Suppose -q*v + c - 6*c = -110, -4*v + 244 = -2*c. Suppose -4*i = -8*i + v. What is the tens digit of i?
1
Let w(k) = k - 8. Let u be w(11). Suppose 0*d + 87 = u*d. What is the tens digit of d?
2
Suppose 10 = -i + 4*v - 16, 3*i + 4*v + 46 = 0. What is the tens digit of i/(-63) + 276/14?
2
Suppose 0 = -2*t - 5*s + 277, -5*s = 2*t + t - 413. What is the units digit of t?
6
Let j = 6 + -2. Suppose 0 = -i - j*i - 40. Let g = i - -12. What is the units digit of g?
4
Let s = -132 + 190. What is the tens digit of s?
5
Let b(l) = -l**2 - 3*l + 4. Let h be b(-3). Suppose h*o - 40 = -4*i, 2*o - 26 = 2*i - i. What is the tens digit of o?
1
Suppose -5*q - x + 4*x + 115 = 0, 5*q - 2*x = 120. What is the tens digit of q?
2
Suppose -48 = -8*r + 64. What is the units digit of r?
4
Let v be (-35)/(-49) + 2/7. What is the units digit of (-8 - -11) + 8*v?
1
Suppose 5*n + 20 = 0, -2*n - 1 - 6 = -s. What is the units digit of s/(-5) - (-119)/5?
4
Let l(r) be the first derivative of -r**4/4 + 10*r**3/3 + 6*r**2 - 7*r + 8. What is the units digit of l(11)?
4
Let d = -80 + 126. What is the tens digit of d?
4
Let p(j) = -3 + 0 - j + 2 + 0*j. What is the units digit of p(-10)?
9
Let l = 12 - -1. What is the units digit of l?
3
Suppose q - 15 = a - 2*a, 0 = -3*q + 9. What is the tens digit of a?
1
Suppose -6*v = -2*v - 20. Let f = 2 - -3. Suppose -2*r - 14 = -g + 5, f*g - v*r - 105 = 0. What is the tens digit of g?
2
Let m(j) = j**3 - j**2 + j. Let k be m(0). Suppose k = -2*f - 5*f + 161. What is the tens digit of f?
2
Let a(r) = r + 6. Let j be a(5). Let g = j - 9. Suppose g*i + i = 27. What is the units digit of i?
9
Let t be -22*3/(-6) + -3. Let n = t + -5. What is the units digit of n?
3
Suppose r = 3*r + 24. What is the units digit of (-40)/r*(-9)/(-6)?
5
Let p(y) = y**2 - 6*y - 5. Let i be p(6). Let n = i + 5. Let g(f) = f**3 - f**2 - f + 8. What is the units digit of g(n)?
8
Suppose -944 + 139 = -5*z. What is the tens digit of z?
6
Let l be -1*(-5)/1 - -3. Let w = l + -3. What is the units digit of w?
5
Suppose 0 = -5*v + 6*v - 11. What is the units digit of v?
1
Let m = 0 + 35. What is the tens digit of m?
3
Let c(f) = -f**3 + 7*f**2 + 15*f - 1. What is the units digit of c(6)?
5
What is the tens digit of (3 + 0)*-1 + 25?
2
Let g(d) = -d + 8. Let p be g(6). Let h = 7 + p. What is the units digit of h?
9
Let q be (-4 + 1 - -6) + 1. Suppose -3*f + q*f - 21 = 0. What is the units digit of f?
1
Let n = -11 - -15. Suppose -n*j + 9 = -j. Suppose -j = -c + 3. What is the units digit of c?
6
Suppose -5*u = -i - 10, 0 = 5*i - 0*u - 5*u - 10. What is the units digit of (12/i)/((-15)/(-50))?
8
Let w(c) = 4*c - 1. Let o(p) = p. Let j(q) = -3*o(q) + w(q). Let u be j(-2). What is the tens digit of u/6 - 81/(-6)?
1
Let t(h) = h + 6. Let u be t(-6). What is the units digit of (-18)/(-2 - (-1 + u))?
8
Suppose 4*q + 2*c + 3 = -q, 0 = -q + 2*c + 9. Let w = 2 + q. Let f(p) = 4*p - 4. What is the units digit of f(w)?
8
Suppose 3*m + 0*m = -87. Let q = m + 47. Let n = q + -3. What is the tens digit of n?
1
Let m = 14 + -9. Suppose 2*i - 3 = -m*q + 3, -3*q = -5*i + 15. Suppose y - 7 + 2 = q. What is the units digit of y?
5
What is the tens digit of 3102/14 + (-27)/(-63)?
2
Suppose 3*x = 2*v - 93, -5*v = -3*x + 85 - 331. What is the units digit of v?
1
Let k be (-1309)/44 - 2/8. Let x = k + 42. What is the tens digit of x?
1
Suppose -2*h - 146 = -4*c + c, h - 180 = -4*c. What is the units digit of c?
6
Suppose 0 = b - 2 + 1. What is the units digit of (6/12)/(b/6)?
3
Let t(p) be the third derivative of 0*p + 1/2*p**3 + 1/60*p**5 + 0*p**4 + 0 + 4*p**2 + 1/120*p**6. What is the units digit of t(0)?
3
Let i = 36 + 17. What is the units digit of i?
3
Let v = 2 + 1. Let i be v/(-6) - 2/(-4). Suppose -2*a + 20 = -i. What is the units digit of a?
0
Let g be 2/(-7)*(-21)/3. Let d(y) = 2 + 2*y**2 - 5*y**2 + 3*y + g*y**2 + 2. What is the units digit of d(3)?
4
Suppose -a + 2284 = 2*a - 5*r, -a - 3*r = -780. What is the tens digit of 4/(-18) + a/54?
1
Let o(d) = d**3 + 9*d**2 - 3*d - 10. Suppose 4*x + 4*q = -x - 57, 2*x = q - 15. What is the units digit of o(x)?
7
Let z = 2 + 3. Suppose -z = -2*p + 7*p. Let j = 2 - p. What is the units digit of j?
3
Let x(y) = y**2 - y + 2. Let g be x(0). Suppose -1 = g*m - 17. What is the units digit of m?
8
Suppose -k = 1 + 1. Let l be 0 + -1*1*k. Suppose l*h - 7 = h. What is the units digit of h?
7
Let u(o) = -3*o. Let h(v) = -16*v - 1. Let k(c) = -2*h(c) + 11*u(c). Let s be k(-6). Let b = s + 1. What is the units digit of b?
9
Let p(f) = 39*f - 5. What is the hundreds digit of p(5)?
1
Let f(k) = k + 9. Let b be f(-8). Suppose b = i + 2*z + 3, 0 = 5*i + 2*z + 2. Let m = 2 + i. What is the units digit of m?
2
Let w(x) = 7*x - x**2 + 3 + 2 + 5*x - 1. What is the units digit of w(11)?
5
Suppose -4 = 2*f - 12. Let y(z) = z**3 - 3*z**2 - 2*z - 3. Let x be y(f). What is the units digit of 48/x - 4/(-10)?
0
Let z(y) be the first derivative of y**2/2 + 16*y - 1. What is the units digit of z(-7)?
9
Suppose q = -0*w + w + 157, 0 = -3*q - 4*w + 450. What is the hundreds digit of q?
1
Let z = 3 - 16. Let h(s) = s**3 + 13*s**2 - s - 5. What is the units digit of h(z)?
8
Let b(s) = s**2 - 4*s - 5. Suppose 4*r + 8 = -0*k - 2*k, 0 = 5*k + 3*r - 15. What is the units digit of b(k)?
7
What is the tens digit of (39 + -1)*2 + -3?
7
Suppose -31 = -3*q - z, 4*z + 12 = 4*q - 40. What is the units digit of q?
1
What is the units digit of -1 + (24*2 - -4)?
1
Let a = 62 - 45. What is the units digit of a?
7
Let j(s) = s**3 - 2*s + 1. Let k be j(2). Let r = k - -9. Suppose -3*g + 3*y + 21 = 0, 0 = 5*g + 5*y - 11 - r. What is the units digit of g?
6
Suppose -51 = -5*z + 2*z. Suppose -14 = -2*r - 4. Suppose r - z = -w. What is the tens digit of w?
1
Suppose -26 + 4 = -2*p. Let i be 46/p - 4/22. Suppose i*s - 5*v - 69 = 0, 0 = 3*s + v - 33 + 5. What is the units digit of s?
1
Suppose f = 4*f. Suppose c = -f*c + 15. What is the units digit of c?
5
Suppose -5*i + 4*i = -3*d + 10, -2*i - 8 = 0. What is the units digit of 3 + 1/(d/36)?
1
What is the tens digit of 26/2*(14 + -10)?
5
Suppose -4 = 7*h - 8*h. Suppose -3*q + b + b = -29, 3*b = -5*q + 80. Let w = q - h. What is the units digit of w?
9
Let w(a) = -4 - a**3 + 0 + 2 + 5*a - 2*a**2 - 3*a**2. Suppose 0*d + 3*d + 16 = -2*g, -32 = 5*d - 2*g. What is the units digit of w(d)?
4
Let q = 247 - 110. What is the tens digit of q?
3
Suppose 0*p - 2*i + 94 = 3*p, 2*i - 38 = -p. What is the units digit of (p/8)/((-1)/(-2))?
7
Let b be ((-6)/(-10))/((-5)/(-1525)). Let u = b + -93. Suppose 0 = -5*v + l + 105, v - 2*l + u = 6*v. What is the tens digit of v?
2
Let w(x) = -3*x - 7. Let c = -3 + -4. What is the tens digit of w(c)?
1
Suppose -4*a - 3 = 3*l, 3*a = l - 11 - 1. Suppose l = 4*i - 17. Suppose -i*s - 16 = 2*x + x, -16 = -2*x + 2*s. What is the units digit of x?
3
Let q(x) = -x**3 - x**2 + 4*x - 1. Let o be q(-3). Suppose 43 = o*t - 22. What is the tens digit of t?
1
Suppose -3*n = -5*z - 88, -3*z + 3 = -n + 39. What is the units digit of n?
1
Let c = 4 + -2. What is the units digit of 9/6*3*c?
9
Let b be 